Is 12113783 a prime number?
False
Is 56038691 a prime number?
False
Is 156797777 composite?
False
Is 294853505 a prime number?
False
Is 22236041 composite?
False
Is 270415 a prime number?
False
Is 17920621 composite?
False
Is 52801873 composite?
True
Is 75316693 prime?
False
Is 25733927 composite?
False
Is 9352069 a prime number?
True
Is 30964421 composite?
False
Is 61086509 a composite number?
True
Is 26529161 a composite number?
True
Is 1069261 a prime number?
False
Is 11047847 prime?
True
Is 12923617 prime?
False
Is 2624554 a prime number?
False
Is 336818 a composite number?
True
Is 126356807 composite?
True
Is 369947 prime?
True
Is 7546429 a prime number?
False
Is 4154461 a composite number?
False
Is 17632051 composite?
False
Is 37351987 prime?
False
Is 2809927 composite?
True
Is 1464707 prime?
False
Is 822473 prime?
False
Is 32636101 a prime number?
False
Is 208763497 a prime number?
False
Is 45647131 prime?
False
Is 8655371 a composite number?
False
Is 338509 prime?
False
Is 109639 prime?
True
Is 670367 prime?
False
Is 58537427 composite?
True
Is 6714821 composite?
False
Is 5862617 a prime number?
True
Is 4630027 composite?
True
Is 2805389 prime?
True
Is 11217301 a composite number?
False
Is 28146647 composite?
False
Is 29185393 a prime number?
False
Is 12006901 a composite number?
True
Is 1576898 a prime number?
False
Is 11833141 a prime number?
True
Is 6009922 a composite number?
True
Is 68756081 composite?
False
Is 10828913 a composite number?
True
Is 112604486 a prime number?
False
Is 15420931 a prime number?
True
Is 190159577 a composite number?
False
Is 161723513 a composite number?
True
Is 2104363 a prime number?
True
Is 88010553 a prime number?
False
Is 12926917 a prime number?
True
Is 553061 a composite number?
True
Is 10353281 composite?
True
Is 14843657 a prime number?
False
Is 13124851 a composite number?
False
Is 3711941 prime?
True
Is 339100193 composite?
True
Is 10717697 composite?
False
Is 39982463 a prime number?
True
Is 1286833 prime?
True
Is 299581 composite?
True
Is 57907397 a prime number?
True
Is 4077211 composite?
False
Is 14554867 prime?
True
Is 59792641 composite?
False
Is 67085429 composite?
False
Is 169273801 prime?
False
Is 23839619 a composite number?
False
Is 44404827 a prime number?
False
Is 4127537 composite?
False
Is 941471 composite?
False
Is 206184907 composite?
True
Is 40030079 a composite number?
True
Is 15525329 a prime number?
True
Is 4757867 a composite number?
True
Is 415834702 composite?
True
Is 4033253 a composite number?
True
Is 1345963 prime?
False
Is 463301 a composite number?
True
Is 410686819 a prime number?
True
Is 273857 prime?
True
Is 16311223 prime?
True
Is 623533319 prime?
False
Is 174914833 a composite number?
True
Is 5305409 a prime number?
True
Is 20216167 prime?
True
Is 780173 a composite number?
False
Is 4784543 a prime number?
True
Is 5222671 a prime number?
True
Is 541169 composite?
True
Is 12405137 a prime number?
True
Is 175902053 a composite number?
False
Is 5998303 prime?
True
Is 21861521 prime?
False
Is 2061362 composite?
True
Is 999589807 prime?
True
Is 777926003 composite?
False
Is 178923869 prime?
False
Is 726043 a composite number?
False
Is 33177691 prime?
True
Is 6719477 composite?
False
Is 9989419 composite?
True
Is 265256581 a composite number?
False
Is 355777 a composite number?
False
Is 9038069 composite?
False
Is 21683 a composite number?
False
Is 95355905 prime?
False
Is 235943207 a composite number?
True
Is 127980913 a composite number?
True
Is 51652099 prime?
False
Is 81040579 a prime number?
True
Is 29573891 a composite number?
True
Is 20877431 composite?
False
Is 32211237 prime?
False
Is 1965851 a prime number?
True
Is 15316447 a prime number?
False
Is 4121431 prime?
True
Is 406489 a prime number?
False
Is 10464319 composite?
False
Is 77582053 prime?
True
Is 1594371 a prime number?
False
Is 269129 prime?
False
Is 2546119 composite?
False
Is 8888861 a composite number?
False
Is 760993 a prime number?
True
Is 88664417 composite?
False
Is 18659287 prime?
True
Is 10765057 composite?
False
Is 49736143 composite?
True
Is 4519051 a prime number?
False
Is 2968279 a prime number?
True
Is 4359491 prime?
False
Is 40709369 composite?
False
Is 8574731 prime?
False
Is 2086697 a composite number?
False
Is 1193223461 a prime number?
True
Is 14591011 composite?
False
Is 1033397 a composite number?
True
Is 92486633 composite?
True
Is 69073747 prime?
False
Is 6267193 composite?
False
Is 418646993 composite?
False
Is 23315947 composite?
False
Is 42491 prime?
True
Is 2970839 a composite number?
True
Is 298927279 prime?
False
Is 6105767 a composite number?
False
Is 3667823 a prime number?
True
Is 56826691 prime?
True
Is 9984021 a composite number?
True
Is 5668885 prime?
False
Is 55387753 composite?
True
Is 159510373 prime?
False
Is 75671569 prime?
True
Is 1022922067 composite?
False
Is 31513373 prime?
True
Is 130773073 composite?
False
Is 19116269 prime?
True
Is 8614833 composite?
True
Is 184861137 prime?
False
Is 264259 composite?
True
Is 252046619 a composite number?
True
Is 3005463 a composite number?
True
Is 36967069 composite?
False
Is 92601307 a prime number?
False
Is 421740327 prime?
False
Is 14220319 a prime number?
True
Is 16710517 a composite number?
False
Is 2177081 composite?
True
Is 17029007 a prime number?
True
Is 77414297 a prime number?
False
Is 28481113 a prime number?
True
Is 128657 a composite number?
False
Is 2380361 prime?
False
Is 335498311 a prime number?
True
Is 12091621 a composite number?
False
Is 10435973 a prime number?
False
Is 100231121 a composite number?
False
Is 27127931 a composite number?
False
Is 47495701 composite?
True
Is 130617541 composite?
False
Is 15235607 prime?
True
Is 3218973 composite?
True
Is 129213337 prime?
False
Is 87277139 composite?
False
Is 34830571 composite?
False
Is 68493463 prime?
True
Is 36259495 a composite number?
True
Is 12994087 composite?
False
Is 4307857 a composite number?
False
Is 2790391 composite?
False
Is 4498283 a composite number?
False
Is 2477191 a composite number?
True
Is 208881323 a composite number?
True
Is 803849 a composite number?
False
Is 14868667 composite?
True
Is 13803287 prime?
False
Is 15750389 prime?
False
Is 552089 composite?
False
Is 3950599 a prime number?
True
Is 80327623 a prime number?
False
Is 1012795859 a prime number?
False
Is 706451 prime?
False
Is 1997196949 a composite number?
True
Is 18574351 prime?
False
Is 1517346097 composite?
False
Is 16584499 composite?
False
Is 168673 a prime number?
True
Is 1360753 composite?
False
Is 11478199 a composite number?
True
Is 40949031 a composite number?
True
Is 3910229 a composite number?
False
Is 28198379 a prime number?
False
Is 9233999 prime?
False
Is 6707801 composite?
False
Is 38894699 a composite number?
False
Is 455053889 a composite number?
False
Is 13283533 a prime number?
False
Is 11355229 prime?
False
Is 15501307 composite?
True
Is 622431479 prime?
False
Is 2805899 prime?
True
Is 840439 composite?
False
Is 14008881 a composite number?
True
Is 15463843 prime?
False
Is 295788281 a prime number?
True
Is 5842451 composite?
False
Is 5341273 a prime number?
False
Is 45293917 a composite number?
True
Is 6573233 prime?
True
Is 133167499 a composite number?
True
Is 1533841 composite?
False
Is 93775249 composite?
True
Is 59273321 prime?
True
Is 545470837 composite?
False
Is 117333533 a prime number?
False
Is 3452437 composite?
True
Is 95815313 a prime number?
False
Is 19156721 a prime number?
False
Is 231414341 prime?
True
Is 362305 a composite number?
True
Is 33131797 a prime number?
True
Is 2838569 composite?
False
Is 272713813 a composite number?
True
Is 90573493 a composite number?
True
Is 60316127 prime?
False
Is 9231331 a composite number?
False
Is 2074283 a prime number?
False
Is 25049551 prime?
False
Is 62236751 composite?
False
Is 253512587 a composite number?
False
Is 5848385 composite?
True
Is 4867399 a prime number?
True
Is 16916573 a prime number?
False
Is 1538663 a composite number?
True
Is 76122829 composite?
False
Is 1887671 a prime number?
True
Is 1452733 prime?
False
Is 1700471 a composite number?
False
Is 132750067 prime?
True
Is 249664639 composite?
True
Is 80101753 composite?
True
Is 22956587 composite?
False
Is 4151507 